- 2712. What are the prime factors of m?
2, 3, 83
Suppose c = -4*w + 33876, -28454 = -3*w - 6*c - 3068. What are the prime factors of w?
2, 5, 7, 11
Let v = 49390 + -29141. List the prime factors of v.
20249
Let d(l) = 14*l**2 - 1. Let u be d(1). Suppose -9*v = -u*v. Suppose -4*w + 4*f + 158 + 66 = 0, v = 3*w - 2*f - 173. What are the prime factors of w?
61
Let g be 11/22*(-1080)/5. What are the prime factors of g/72*488/(-6)?
2, 61
Suppose -y = 44 - 42, -4*a - 2*y = -259912. List the prime factors of a.
181, 359
Suppose 4*d - 57 = -5*g, 13 - 52 = -2*d + g. Suppose -5*y - 5*m = -25, 3*y - d = -5*m + 7. Let a(n) = -n**3 - n**2 - 3*n + 161. List the prime factors of a(y).
7, 23
Suppose -9*h + 93 = -24. Suppose 2*r - 5*k = 251, 126 = -h*r + 14*r - 2*k. What are the prime factors of r?
2
Suppose 4*h = 5*c - 3295, 659 = c + h - 3*h. List the prime factors of c - -1 - 13/((-65)/20).
2, 83
Let v(m) = m**3 - 53*m**2 + 6*m - 152. Suppose 14*t = -24 + 766. What are the prime factors of v(t)?
2, 83
Suppose -27*q + 82048 = -25*q - 4*o, 5*q - 205156 = -2*o. List the prime factors of q.
2, 5, 11, 373
Let g = -67 - -47. Let k = 22 + g. List the prime factors of (k*9)/(54/135).
3, 5
Suppose -4*f = -0*l + 2*l - 22, 4*f - 2 = 2*l. Suppose 4*k - 8 = 0, f*u + 8*k = 7*k + 1280. What are the prime factors of u?
2, 3, 71
Let i(m) be the third derivative of m**6/120 + 11*m**5/30 - m**4/24 + 9*m**3/2 + 8*m**2 - 3*m. List the prime factors of i(-22).
7
Suppose -5*a + 8 = -4*g, -a + 4 = -3*g - 2. What are the prime factors of 1434 + 5 + a/(2 - 0)?
1439
Let f = -38 - -40. Suppose -f*b + 38 = -2*n, -4*n = -2*b - 0*b + 84. Let m = n - -43. List the prime factors of m.
2, 5
Let c = -8981 + 13312. List the prime factors of c.
61, 71
Let n be ((-4)/6)/(200/(-24) - -8). Suppose -n*m - 160 = -940. What are the prime factors of m?
2, 3, 5, 13
Let l(p) = 6730*p**2 - 195*p + 386. List the prime factors of l(2).
2, 3, 2243
Let x = 683 - 680. List the prime factors of 732/(-4 + x/((-12)/(-20))).
2, 3, 61
Suppose -3*q - 2*a = a - 13410, 0 = 2*q + 5*a - 8925. What are the prime factors of q?
5, 179
Let a(n) = -7*n**2 + 4*n**2 - 4 - 1 + n**2 + 7*n. Let w be a(4). What are the prime factors of (-3)/w - (-418)/(-6)*-1?
2, 5, 7
Let k = 3 + 152. Suppose 3*t = x - 60, -3*t - k = 3*x - 383. What are the prime factors of x?
2, 3
Let r(g) = 8*g - 45. Let i(b) = -8*b - 44. Let f be i(-5). Let y(d) = -1. Let x(k) = f*y(k) + r(k). List the prime factors of x(6).
7
Let x(g) = -105*g - 25. Let m be x(-5). Suppose -5*h + m = k, 2*h - k = -5*k + 200. List the prime factors of h.
2, 5
Suppose 3 + 1 = y. Let m = 334 + -256. Suppose -5*j - v = -194, -m = y*j - 5*v - 210. What are the prime factors of j?
2, 19
Let d = 8 - -58. Let l be d/5 + 13/(-65). Suppose l*u - 9*u - 112 = 0. List the prime factors of u.
2, 7
Let s be 106 - 0*(-2)/8*2. Let b = -153 - -78. Let m = b + s. List the prime factors of m.
31
What are the prime factors of 5 + 1 - 5950/(-25)*43?
2, 5
Let t = 395 - 289. Let b = 368 - t. List the prime factors of b.
2, 131
Suppose -72 = -4*a + a. What are the prime factors of (0 - 1501/(-3)) + 40/a?
2, 251
Suppose 119*l + 286*l + 511551 = 1668636. What are the prime factors of l?
2857
Let o(y) = -y**2 - 10*y - 12. Let t be o(-9). Let d(x) = -329*x + 10. Let u be d(t). Suppose -10*h = -u - 583. What are the prime factors of h?
2, 79
Let v = -19 - 1. List the prime factors of -180*10/(v/3).
2, 3, 5
Suppose -5*a - 5*f = -f - 1453, -4*f - 12 = 0. Suppose 288*p - a*p + 1315 = 0. What are the prime factors of p?
263
Suppose -w - 2*a = -52, -w = 4*w - 5*a - 215. Let d be ((-1)/5)/(55/(-550)). List the prime factors of 7 + -2 + w + d.
53
Suppose -4*p + g = -4432, -2*g = 16*p - 21*p + 5543. What are the prime factors of p?
3, 41
Let f = -1 + 23. Let l = 1425 - 1005. Suppose 0 = f*s - 26*s + l. List the prime factors of s.
3, 5, 7
Suppose 27*k - 24*k - 6 = 0. Suppose 3*f + 20 = 5*c + 2*f, -k*c + 2*f = -8. Suppose 4*y - 4*v - 300 = 0, v - 300 = -c*y - 4*v. List the prime factors of y.
3, 5
Let x = -29545 + 75521. What are the prime factors of x?
2, 7, 821
Suppose -6*j + q - 60184 = -8*j, -3*j = -q - 90291. List the prime factors of j.
5, 13, 463
Let g(l) = -4*l**3 + 156*l**2 + 55*l + 113. List the prime factors of g(35).
2, 31, 349
Let t = -6425 - -7498. What are the prime factors of t?
29, 37
Let a(c) = 14*c - 79. Let p be a(6). Suppose 5*r - 1756 = -4*n, p*n + 156 + 1564 = 5*r. List the prime factors of r.
2, 3, 29
Suppose 3*k - 3*j = -1286 + 36554, 8*j - 35202 = -3*k. List the prime factors of k.
2, 5, 47
Suppose -15*k = -13*k. List the prime factors of (0 + (k - -1))/((-5)/(-750)).
2, 3, 5
Let s(u) be the third derivative of -u**6/120 + 11*u**5/60 + 5*u**4/24 - 9*u**3/2 + 33*u**2. Let h be s(12). Let i = 244 + h. List the prime factors of i.
7, 19
Let d(t) = -245*t - 4. Let f be d(-4). Suppose -6790*r = -6837*r - 282. List the prime factors of r*((-6)/4)/(48/f).
3, 61
Suppose 0 = -9*m + 21901 + 115475. What are the prime factors of m?
2, 3, 53
Suppose 0 = -2*t - 5*f + 1029, 2*t = 2*f + 126 + 882. List the prime factors of ((-440)/(-12))/(13/t).
2, 5, 11, 13
Let w be (1 - 13)/(21/238). What are the prime factors of (12/7)/(w/(-60452))?
2, 3, 127
Let h(r) = -r**3 + 9*r**2 - 4*r - 4. Let s be h(7). Let l = s + -50. Suppose -12*d + l*d - 468 = 0. List the prime factors of d.
3, 13
Let h(w) be the third derivative of w**5/60 - 2*w**3/3 - 14*w**2. Let l be h(-3). Suppose -l*g + 342 = 17. What are the prime factors of g?
5, 13
Suppose 0 = -r + 2, w - 5*r = -2*w - 10. Suppose 5*n + 2*q - 10 = -1, n - 3*q - 12 = w. Suppose 12 = 3*h, -n*h = -2*x - h + 58. List the prime factors of x.
3, 11
Suppose -63*s + 301320 = 9*s - 27*s. What are the prime factors of s?
2, 3, 31
Let a(u) = -19 - 30*u + 3*u + 36*u. List the prime factors of a(24).
197
Let s(t) = -t. Let i(u) = 4*u - 2. Let a(v) = -i(v) - 3*s(v). Let l be a(-1). Let w(p) = 30*p - 7. What are the prime factors of w(l)?
83
Suppose -2*u - 3 = 1. Let r be ((-12)/(-4) - 5)*(1 + u). Suppose -1 + 3 = -g + 5*t, -r*t + 32 = 2*g. What are the prime factors of g?
13
Let l(q) = q**3 + 2*q**2 - 9*q + 3. Let u be l(3). Let r = u - 13. List the prime factors of r.
2
Suppose 58 - 186 = -8*h. Suppose x + 3*r = 14, x + 3*r = -x + h. Suppose -5*y + 174 = x*m, -4*m - 5*y + 117 = -211. What are the prime factors of m?
7, 11
Suppose 28 = -4*a + 2*j - 24, 2*j = 8. Let t(y) = y**3 + 10*y**2 - 12*y - 12. Let x be t(a). What are the prime factors of (-8)/((x/4)/((-38)/(-8)))?
2, 19
Let n(b) = -4*b**3 + 4*b**2 + 13*b - 4. Let x be n(-4). Suppose 0 = 12*w - 744 - x. Let r = 99 + w. List the prime factors of r.
3, 61
Let w(l) = 0*l**2 + 0*l + 2*l**2 - 13*l + 7*l + 15. List the prime factors of w(-20).
5, 11, 17
Let c be 198/16 - (-12)/(-32). Suppose 6*u + 1788 = c*u. List the prime factors of u.
2, 149
What are the prime factors of (53144/876)/(2/351)?
3, 7, 13
Suppose v - 58 = -4*a, 0*a + v = -2*a + 30. Let f(x) = -6*x - 17 + 20 - a*x - 4*x. List the prime factors of f(-7).
3, 19
Suppose -5*h - 13*k + 140190 = -18*k, 4*h - k = 112134. List the prime factors of h.
2, 3, 73
Suppose 5*g + 5*q - 20295 = 0, 4*q + 5215 = -3*g + 17386. List the prime factors of g.
3, 5, 271
Let v(o) = -532*o**3 + 4*o**2 + 7*o + 2. Let f be v(-1). Let k = 1187 - f. List the prime factors of k.
2, 41
Let t = 37 + -84. Let f = -33 - t. What are the prime factors of 10 - (1 + f)/5?
7
Let l = -1265 - -556. Let j = l + 1211. List the prime factors of j.
2, 251
Let m(a) = 22*a + 225. Let n be m(-9). Suppose -n*x + 7425 = -12*x. What are the prime factors of x?
3, 5, 11
Let c be ((-3)/9)/(-1)*-3 + -121. Let n = -284 - c. Let p = -95 - n. What are the prime factors of p?
67
Let z(i) = 2*i**3 + 12*i**2 - 16*i - 14. Let x be z(-7). Suppose 5*m - 3537 = -4*s, 14*m - 13*m + 4*s - 717 = x. What are the prime factors of m?
3, 5, 47
Suppose -10 - 8 = -9*k. Let h be (-1)/2*0/k. Suppose 4*g = -7*u + 2*u + 323, 2*g - u - 165 = h. What are the prime factors of g?
2, 41
List the prime factors of -2 + 1/((-12)/(-108)) + 28114.
61, 461
Let r(k) = 4*k - 22. Let w be r(7). Suppose -4*n = -302 + w. Let h = n - 38. List the prime factors of h.
2, 3
Let h be ((-5)/15)/((-2)/(-186)). List the prime factors of (-5797)/h + (-4)/(-1).
